q(v) be the second derivative of v**3/6 + 15*v**2 + 5*v. What is the tens digit of q(-8)?
2
Let u(d) = 4*d - 16. Let y be u(5). What is the tens digit of 96/3 - y*1?
2
Let g be 9/(315/10)*7*1. Suppose -g*o = -7*o + 475. What is the tens digit of o?
9
Let y(p) be the second derivative of p**3/2 - 3*p**2/2 + 16*p. What is the units digit of y(4)?
9
Suppose 0 = -5*x - 4*t + 6*t + 5032, 0 = 5*x - 4*t - 5034. What is the hundreds digit of x?
0
Suppose -1324 = -4*q + 2*s, -655 - 994 = -5*q + 4*s. What is the tens digit of q?
3
Let t be 2/(2/81) + -1. Let o(i) = 16*i - 25. Let w be o(-2). Let s = w + t. What is the tens digit of s?
2
Suppose 4*x + 4*c = 896, 248 = x + 4*c - 9*c. What is the units digit of x?
8
Suppose 5*r + i - 1637 = r, 1229 = 3*r + i. What is the tens digit of r?
0
Suppose 5*h = -4*f - 65, f = -2*h + h - 15. Let r = f + 17. Suppose -28 = -5*s + r. What is the units digit of s?
7
Let v be (-2)/4*(-12)/2. Suppose v*u - 32 = 295. What is the units digit of u?
9
Suppose 5*s - 45 = -4*b + 4, -38 = -3*b - 4*s. Suppose 5*q + 4*v - 766 = 0, 2*q - 313 = -v + b*v. What is the units digit of q?
4
Let w(a) = -149*a + 60. What is the hundreds digit of w(-9)?
4
Suppose -f = -5*v + 19660, 0 = 80*v - 75*v + 4*f - 19660. What is the thousands digit of v?
3
Suppose 0 = p - 5*p. Let x be (1 + 0)*p/(-4). Suppose 2*o = -x + 6. What is the units digit of o?
3
Let k be ((-1115)/20)/((-1)/(-4)*-1). Let t = k - 99. What is the units digit of t?
4
Suppose -3*h - 1441 - 1811 = 0. What is the tens digit of h/(-18) - 6/27?
6
Let w(c) = 22 + 15*c - 13 - 7 - 13. Let i be w(8). Suppose -41 + i = 4*b. What is the units digit of b?
7
Let t(q) = 2*q - 13. Suppose 0*u + l = -4*u - 9, -15 = 5*u + 5*l. Let s be (14 - u/(-1)) + -2. What is the units digit of t(s)?
7
Let r be (25/3)/(15/225). Let o = 95 - 179. Let l = r + o. What is the units digit of l?
1
Let j = 2274 + 278. What is the tens digit of j?
5
Suppose -4 = 2*l - 22. Let j(r) be the third derivative of -r**6/120 + 11*r**5/60 - 13*r**4/24 + 7*r**3/2 - 7*r**2. What is the tens digit of j(l)?
6
Suppose -2*z + 1042 = 5*f, 4*z = -f - 86 + 2152. What is the tens digit of z?
1
Let m = 611 + -37. What is the hundreds digit of m?
5
Let y = -10 + 11. Suppose -3*a = -125 - y. What is the units digit of a?
2
Let o = 243 - 92. What is the tens digit of o/4 - (0 - (-1)/(-4))?
3
Suppose -2*i = -3*i - 8. Let b be 72/3*i/(-6). Suppose 3*n = -4*h + 9, 5*n - h + 2*h - b = 0. What is the units digit of n?
7
Let v(b) = -15*b**3 - b**2 - 10*b - 11. Let q(p) = -7*p**3 - 5*p - 5. Let i(w) = -13*q(w) + 6*v(w). Let x be i(5). What is the units digit of 3/(6/46) - x?
4
What is the thousands digit of 14432/14 + 23/161?
1
Let a(q) be the second derivative of q**3 - 13*q**2/2 + 47*q. What is the tens digit of a(17)?
8
Let l(a) = -a + 8. Let s be l(7). Let c = 14 - s. Let o = c - -14. What is the tens digit of o?
2
Suppose -5*w + 1923 = 2*r - 0*w, -r + 984 = -5*w. What is the hundreds digit of r?
9
Suppose 3*j - 3*h = 21, 22 = 4*j + h - 3*h. Let b = 4 - 2. Suppose -5*o + 15 + 0 = 0, -b*a = j*o - 50. What is the tens digit of a?
1
Let z be 4/(-14) + 14445/63. Suppose -4*j - 37 = -z. What is the units digit of j?
8
Let f = -10 + 13. Suppose 2*t = -2*s - 4, 2*s + 2*s = -f*t - 1. Let z(m) = m + 13. What is the units digit of z(t)?
6
Let f(p) = p - 7. Suppose -3*x + x + 28 = 0. Let q be f(x). Suppose z + 1 = q. What is the units digit of z?
6
Let f(z) = -z**2 + 13*z + 6. Let b be f(9). Suppose 7*i = 3*i + 2*t + 98, -b = -i - 3*t. Suppose -i = -2*a + 69. What is the tens digit of a?
4
Suppose -k - 8320 = -4*z - 116, -2*k + 6153 = 3*z. What is the tens digit of z?
5
Let r = 2114 - 898. What is the hundreds digit of r?
2
Suppose -j = 2*j - 2*h - 442, -4*j = h - 593. Suppose -z - 3*z - j = -2*i, 0 = -5*i - 4*z + 412. What is the tens digit of i?
8
Let i(a) = -a**3 + 20*a**2 - 20*a + 44. Let g be i(16). Suppose 5*j - 931 = 4*z, 2*z + g = 4*j - 2*z. What is the tens digit of j?
8
Let f(n) = 854*n**2 + 16*n - 9. What is the thousands digit of f(-2)?
3
Let j = 54 - 27. Suppose 4*g + 2*x - 55 - j = 0, g = -x + 23. What is the units digit of g?
8
Suppose -t = 7 - 9. Suppose -13*k + 253 = -t*k. What is the tens digit of k?
2
Suppose -31*w = -28*w - 3*t - 2490, 5*w - 3*t - 4148 = 0. What is the tens digit of w?
2
Let g be (-20)/(-12) + 2/6. Suppose h = -2, -y - g + 4 = 2*h. What is the units digit of y?
6
Suppose -5*a + 2 = -8. Let g be (-1)/(-5) - 24/120. Suppose w - 48 = -2*x, w = -g*w - a. What is the tens digit of x?
2
Let k(u) be the first derivative of -u**4/4 + u**2/2 + 76*u + 10. What is the units digit of k(0)?
6
Suppose 18 = 3*q + 3, -2*t + 5139 = -5*q. What is the units digit of t?
2
Let l = -16 + 18. Suppose l*m + 5*i + 109 = 0, 92 = -4*m + 3*i - 191. Let t = m - -95. What is the tens digit of t?
2
Let q(i) = -2 + 3 - 6 - 3*i - 1. Let d be q(-3). Suppose -d*u - 2*a + 37 = 0, 33 = 2*u + u + 3*a. What is the tens digit of u?
1
Let a(w) = 17*w**3 - w**2 - w - 1. Let i(f) = f**2 + 4*f - 1. Let g be i(-4). Let d be a(g). Let t = 76 + d. What is the units digit of t?
8
Let n = -662 - -780. What is the tens digit of n?
1
Suppose -184 = -15*x + 491. What is the units digit of x?
5
Let v(r) be the first derivative of r**4/4 + r**3/3 + r - 5. What is the units digit of v(0)?
1
What is the thousands digit of (-2)/((-8)/54)*(125 - 1)?
1
Let u(s) = s**2 - 4*s. Let y be u(4). Let h be 18 + 1 - (2 + y). Suppose w + 2*m = h, 2*m - 19 = -2*w + 19. What is the units digit of w?
1
Let s = 903 - 600. What is the units digit of s?
3
Let x(g) = -g**3 + 18*g**2 - 18*g + 22. Let z be x(17). Suppose -z*l = -5*c - 47 + 292, c - 2*l = 53. What is the units digit of c?
5
What is the hundreds digit of (-31250)/(-12) + -1 - 221/1326?
6
Let p(m) be the second derivative of m**3/3 + 18*m**2 - 15*m. What is the units digit of p(18)?
2
Let t(z) be the first derivative of 3*z**2/2 + 6*z - 1. Let q(p) = p**3 - 6*p**2 + 6*p + 16. Let w be q(4). What is the units digit of t(w)?
0
Let h(q) = 42*q**2 - 4*q - 2. Let b be ((-10)/(0 - 5))/(1/(-1)). What is the hundreds digit of h(b)?
1
Suppose 3*t + 157 = 160. Let k(a) be the first derivative of 19*a**3/3 + a**2/2 - 1. What is the units digit of k(t)?
0
Suppose -5*a - 332 = -4*c, 14*c - 11*c - 5*a - 244 = 0. Let v be 3/12 + 362/(-8). Let x = v + c. What is the tens digit of x?
4
Let m be (-44)/55*(-5)/2. Let d be m/3*(-36)/(-8). Suppose 81 - 9 = d*x. What is the tens digit of x?
2
Let o(d) = d**3 + 17*d**2 + 11*d + 15. Let y be o(-15). Suppose -6*f + y = -f. What is the tens digit of f?
6
Let l = -20 - -246. What is the tens digit of l?
2
Let x = -11 - -7. Let f(h) = h**3 + 4*h**2 - h - 5. Let u be f(x). What is the units digit of (-1 - 1 - 0)*u?
2
Let v be (8/5)/((-2)/(-10)). Let b(t) be the third derivative of -t**5/60 + 5*t**4/12 - 2*t**3 - t**2 - 7*t. What is the units digit of b(v)?
4
Suppose 0 = -53*v + 56661 + 96297. What is the thousands digit of v?
2
Suppose -68 = 2*d - 3*v, 0*d + v = -3*d - 91. Let r = 26 - d. What is the tens digit of r?
5
Let t(y) = y**2 + 5*y - 54. What is the units digit of t(17)?
0
Suppose 4*l - 7 = -3. Suppose -g - 2*g = -2*t - l, 3*t + 3*g = -39. Let u(b) = -b**3 - 7*b**2 + 7*b. What is the units digit of u(t)?
8
Let z(c) = -c**2 + 15*c - 17. Let f be 4 - (-124)/4 - -1. Suppose 17*y + f = 20*y. What is the tens digit of z(y)?
1
Suppose -3*z + 2 = -2*z. Suppose 0 = -z*d - 14 + 20. Suppose 3*q + 9 = 2*q - 4*n, 0 = 4*q + d*n - 3. What is the units digit of q?
3
Suppose 0 = -10*y + 13*y - 6. Suppose 145 = y*s + f, 8*s - 3*s - 364 = -2*f. What is the units digit of s?
4
Let s(t) = 23*t - 8. Let q be s(3). Suppose 65*v - q*v = 392. What is the tens digit of v?
9
Suppose -4*w - 4 = -4*v, 0 = -v + 4*w - 0 + 4. Suppose 0*q + 5*p + 75 = 4*q, v = -3*q - 2*p + 85. What is the units digit of q?
5
Let y(u) = u**3 + 2*u**2 + 3*u - 3. Suppose -2*q - t + 13 = 2*t, -5*q + 37 = 3*t. Let s be (-21)/(-6)*q/14. What is the units digit of y(s)?
9
Let n = -15 - -13. What is the units digit of (-5)/10*n*49?
9
Suppose 1074 = 6*r - 540. Suppose y - 5*b + 55 = r, -4*b = 2*y - 470. What is the tens digit of y?
2
Let s(h) be the second derivative of -7/2*h**2 + 0 - 3*h - 13/6*h**3. What is the tens digit of s(-4)?
4
Let n(b) be